 = -16 + 1. Suppose -4*w + 32 = -4*l, -3*w + l = u*l - 39. Suppose w*k - 78 = 8*k. What are the prime factors of k?
2, 13
Suppose -4*z = -16, -4*h + 3*z = -9*h + 2477. What are the prime factors of h?
17, 29
Let z(c) = 4 - c**3 - 11*c**2 - 3*c + 14*c - 1. Suppose 40 = -5*t - 5*r, 43 = -5*t - 4*r - 1. What are the prime factors of z(t)?
3, 5
Suppose 8 = -4*h, -3*h - 4276 = -5*o - 840. List the prime factors of o.
2, 7
Suppose -d + 10 = -21. Suppose 28*g - d*g = -852. List the prime factors of g.
2, 71
Let s(a) = 15*a**2 + 5*a + 2. Let r be s(-6). Suppose 4*m = -0*m + r. List the prime factors of m.
2
Let z(f) = -5*f**2 - 7*f - 19. Let w(v) = -16*v**2 - 22*v - 58. Let l(i) = 3*w(i) - 10*z(i). List the prime factors of l(-7).
2, 43
Let x(n) = -4*n + 25. Let i = 18 + -29. What are the prime factors of x(i)?
3, 23
Suppose -5*j = -5*u - 5 - 0, 4*j - 20 = 0. Suppose u*v + 39 = 235. List the prime factors of v.
7
Let v = -21 + 21. Suppose 0*h + 85 = 4*n - 5*h, -4*h - 20 = v. List the prime factors of n.
3, 5
Let c = -2049 - -7429. List the prime factors of c.
2, 5, 269
Let d = -574 - -611. What are the prime factors of d?
37
Suppose -591*n + 610*n - 24206 = 0. List the prime factors of n.
2, 7, 13
Let v = -115 + 292. Let c = 339 - v. List the prime factors of c.
2, 3
Suppose 2642 = 2*n + 2*p, 8*n - 3*n - 6587 = 4*p. List the prime factors of n.
1319
Suppose 14 = 2*i + 5*i. Suppose 6*u = i*u + 4, 0 = 3*f - 5*u - 286. What are the prime factors of f?
97
Suppose 0 = -x - 2*x + 5*o + 481, -5*x + 2*o = -789. Let z = x + -63. What are the prime factors of z?
2, 47
Let u(i) be the first derivative of i**4/4 - 7*i**3 + 2*i**2 + 5*i - 9. What are the prime factors of u(21)?
89
Let i = 23 + -43. What are the prime factors of (i/16)/((-1)/52)?
5, 13
Suppose 105 = j - 5*n, 4*n = 5*j - 355 - 86. Let s be (-10)/j - (-529)/17. Let m = -15 + s. List the prime factors of m.
2
Let d be (-2)/((-6)/3) + -1. List the prime factors of (d - 3)*4400/(-75).
2, 11
Let w(i) = -i**2 + 4*i + 14. Let k be w(5). Suppose 4*x - 5*y - k = 272, 0 = 2*y - 6. What are the prime factors of x?
2, 37
Let t = 294 + 116. List the prime factors of t.
2, 5, 41
Let g(s) = 10*s**2 - 20*s - 64. What are the prime factors of g(22)?
2, 271
Let g = -1744 - -2502. Let o = -512 + g. List the prime factors of o.
2, 3, 41
Let h = 4714 - 3020. What are the prime factors of h?
2, 7, 11
Let r(u) = 112*u**2 + 40*u + 5. What are the prime factors of r(-4)?
1637
Suppose -5*t + 3322 = -408. What are the prime factors of t?
2, 373
Let k(n) be the second derivative of 6*n**5/5 + n**4/12 + n**3/6 - n**2/2 + n. Let m = -42 + 43. List the prime factors of k(m).
5
Let r(q) = q - q**2 + 0 - 2*q + 4 - 3*q. What are the prime factors of r(-3)?
7
Suppose 0 = -6*t + 24 + 6. Suppose -t*d + 57 = -18. What are the prime factors of d?
3, 5
Let r(t) = 19*t + 77. What are the prime factors of r(12)?
5, 61
Let x(r) = r**3 - 6*r**2 + 11*r - 30. Let m be x(5). Suppose m = -5*i - 2*t + 1184, i + t - 152 - 86 = 0. List the prime factors of i.
2, 59
Let n(f) = 20 - 16*f - 13*f - 10*f + 42*f. List the prime factors of n(7).
41
Suppose 5*t + 2 - 42 = 0. Suppose 3*v - 116 = -t. Let g = v + 4. What are the prime factors of g?
2, 5
Suppose 0*z - 6*z = -180. List the prime factors of (z/75)/(1/5).
2
What are the prime factors of 114/(-513) + (-8462)/(-9)?
2, 5, 47
List the prime factors of 3819 + 1*5*(38 + -37).
2, 239
Let b = -150 - -516. What are the prime factors of b?
2, 3, 61
Let a(d) = -d**2 - 6*d + 2. Let k = 10 - 16. Let g be a(k). Suppose g*z - 21 = 5. List the prime factors of z.
13
Let x = -11 - -14. Suppose -28 = -5*v - x. Suppose -v*z = -25, z + 13 + 26 = h. What are the prime factors of h?
2, 11
Let n = -56 + 156. Let j(g) = g**2 - g - 18. Let a be j(8). Let m = n - a. List the prime factors of m.
2, 31
Let o(a) = -a**2 + 2*a + 394. List the prime factors of o(0).
2, 197
Let j = -18 + 22. Suppose -b = -2*b - 5*l + 30, j*l = 4*b - 120. What are the prime factors of b?
2, 3, 5
Suppose -2*d + 849 = -5*q, -4*q = -0*d + 4*d - 1768. List the prime factors of d.
19, 23
Let k be (-594)/(-8) - 39/(-52). Let u = -46 - -88. Let l = k - u. What are the prime factors of l?
3, 11
Let g(f) = -35*f**2 + 4*f + 5. Let p be g(-1). Let c = p - -164. What are the prime factors of c?
2, 5, 13
Let o(a) = 1 + 7*a**2 + 8*a - 7*a + 0 + 3. List the prime factors of o(-3).
2
Let l be -3 - (-1 - 0) - 55. Let h = 403 - 308. Let u = l + h. List the prime factors of u.
2, 19
Suppose -1 = f - 3, -3*f = -s + 534. What are the prime factors of s?
2, 3, 5
Let u = 795 - 574. List the prime factors of u.
13, 17
Let l = -80 + 25. Let b = 107 + l. List the prime factors of b.
2, 13
Let m(n) be the second derivative of n**4/12 - 19*n**3/6 + 23*n**2/2 + 14*n. What are the prime factors of m(19)?
23
Let u(h) = 54*h**2 - 9*h + 23. What are the prime factors of u(4)?
23, 37
Suppose 5*l = -v + 2161, -3*v - 13 = -1. List the prime factors of l.
433
Suppose 3 - 8 = -j. Suppose z + 227 = j*o - 159, 4 = -4*z. Suppose 5*v - 135 = 3*i + 4, 3*v - o = 5*i. What are the prime factors of v?
29
Suppose 20 + 520 = 5*s. Let q = 67 + -124. Let y = q + s. List the prime factors of y.
3, 17
Let r(c) = c**3 + 7*c**2 - 10*c + 21. Let l be r(-10). Let q = -70 - l. What are the prime factors of q?
109
Let r(j) = 20*j - 7. Let s(u) = -39*u + 15. Let t(x) = -7*r(x) - 4*s(x). What are the prime factors of t(5)?
3, 23
Let c = -4 + 7. Let a be 2/c + (-24)/9. List the prime factors of 1 - a*(-1 + 5).
3
Let o(p) = p - 5. Let y be o(6). Suppose -3*j - 3 = -3*l, -j - 4 = -2*l - y. Suppose -l*a = -6*a + 8. List the prime factors of a.
2
Let d(a) = -a + 21. What are the prime factors of d(-28)?
7
What are the prime factors of (58347/234 - (-4)/26)*2?
499
Suppose 2*g = -2*r + 3*r - 17, 3*g + 31 = -4*r. Let z be (-4)/6 - (-7)/(-3). Let m = z - g. What are the prime factors of m?
2, 3
Let j = 10 + -7. Suppose 3 + j = 3*k. Suppose -w - 3 = -k*w. List the prime factors of w.
3
Let j(o) = -474*o**3 + 3*o + 3. List the prime factors of j(-1).
2, 3, 79
Let b(y) = -y**3 - 5*y**2 - 6*y - 6. Let n be b(-5). Suppose 188*q - 8 = 192*q. Let z = q + n. List the prime factors of z.
2, 11
Suppose 6*u - 12*u = -18. Suppose 3*j = u*q + 27, 5*j - 26 - 7 = 2*q. Suppose 0 = y - 58 + j. What are the prime factors of y?
53
Let i = 972 + -370. What are the prime factors of i?
2, 7, 43
Suppose m = -0 - 3, -3*o = 3*m - 288. Suppose 6*g - o - 51 = 0. List the prime factors of g.
5
Let m(q) = 86*q + 462. What are the prime factors of m(32)?
2, 1607
What are the prime factors of -9*(-1*6 + 20150/(-93))?
2, 3, 167
Let t(s) = -s + 1. Let i(v) = -4*v - 3. Let m(z) = -i(z) + 2*t(z). Let b be m(8). Suppose u + q - b = 10, -4*u + 124 = -q. List the prime factors of u.
31
Suppose 0 = j - 5*j - z + 740, 4*z - 914 = -5*j. Let v = j - 28. What are the prime factors of v?
2, 79
List the prime factors of 2*(-14870)/(-20) - -8.
5, 13, 23
Suppose 4*g + 2*k - k - 3294 = 0, -5*g + 5*k = -4105. What are the prime factors of g?
823
List the prime factors of (-5)/50 + 1/10*171.
17
Let q be 0 + -1 - -1 - (247 + 10). Let f = 520 + q. List the prime factors of f.
263
Suppose 0 = -5*f + 4*v + 1059, f + 661 = 4*f + 4*v. List the prime factors of f.
5, 43
Suppose 5*w + 2*z + 148 = 4*z, 5*w + 3*z = -153. Let m be ((-3)/(-9))/((-2)/w). Suppose 4*i - 1 = 7, m*i = -2*d + 16. What are the prime factors of d?
3
What are the prime factors of 7116/14 - 42/147?
2, 127
Suppose -4*l + 16 = 0, -l + 6 = -2*y + y. List the prime factors of 1450/(0 - 5)*y/4.
5, 29
Let a(u) = u**3 - 8*u**2 - 16*u - 14. Suppose -18 + 38 = 2*t. What are the prime factors of a(t)?
2, 13
Suppose -3*u + 2*t + 588 = 0, -4*u - 2*t + 456 = -342. List the prime factors of u.
2, 3, 11
Let z(n) = 32*n + 7. Let r be (-42)/(-46) - 40/(-460). List the prime factors of z(r).
3, 13
Let c = -3061 - -4306. What are the prime factors of c?
3, 5, 83
Let f = 10 - -2. Let r(z) = -z**2 + f*z - 27 + 47 - 24. List the prime factors of r(11).
7
Let v(z) = 2*z**2 + 6*z - 112. What are the prime factors of v(-35)?
2, 7, 19
Suppose 0 = -9*u - 4523 + 15764. List the prime factors of u.
1249
Let a(c) = c**3 - 6*c**2 - 3*c + 5. Let g be a(5). Let v be 21/(-12)*12*-3. Let s = v + g. What are the prime factors of s?